 748 and 15444?
44
What is the highest common factor of 308 and 65428?
44
Calculate the highest common factor of 125202 and 28.
14
What is the greatest common divisor of 132352 and 560?
16
Calculate the highest common divisor of 945 and 3318.
21
What is the greatest common factor of 207 and 47334?
69
What is the highest common divisor of 77 and 2844248?
11
What is the greatest common factor of 13979 and 28?
7
What is the greatest common factor of 53980 and 60?
20
Calculate the greatest common factor of 990 and 23980.
110
What is the greatest common divisor of 395 and 4106?
1
What is the greatest common factor of 2887612 and 104?
52
Calculate the greatest common factor of 10630 and 20.
10
Calculate the greatest common divisor of 56727 and 10887.
573
What is the highest common factor of 47528 and 1371?
457
Calculate the greatest common factor of 212 and 732.
4
What is the highest common divisor of 3771 and 556851?
1257
Calculate the greatest common divisor of 156689 and 221.
221
What is the greatest common divisor of 6156 and 119772?
108
What is the highest common factor of 2038205 and 65?
65
What is the highest common divisor of 4220 and 16458?
422
What is the highest common factor of 28170 and 64478?
626
What is the highest common factor of 100 and 214300?
100
Calculate the greatest common divisor of 714 and 2711058.
714
Calculate the highest common divisor of 34566 and 12.
6
What is the greatest common divisor of 79457 and 49?
7
Calculate the highest common factor of 10360 and 17080.
280
What is the highest common factor of 371 and 220321?
53
Calculate the greatest common divisor of 1729 and 14231.
133
What is the greatest common factor of 507 and 63817?
13
What is the highest common factor of 3078 and 3186?
54
Calculate the highest common divisor of 733657 and 20423.
1571
What is the greatest common factor of 319 and 104951?
319
Calculate the highest common factor of 3451 and 12383.
203
What is the highest common divisor of 22603 and 7?
7
What is the highest common divisor of 928 and 270802?
58
Calculate the highest common divisor of 871 and 5494.
67
What is the greatest common divisor of 375 and 2325?
75
Calculate the greatest common factor of 1769950 and 65.
65
What is the highest common divisor of 5 and 13007?
1
Calculate the greatest common divisor of 901 and 459.
17
Calculate the greatest common factor of 394966 and 715.
143
What is the greatest common divisor of 243027 and 432?
27
What is the greatest common divisor of 20629 and 50941?
421
Calculate the greatest common factor of 9981 and 45.
9
What is the highest common divisor of 4796 and 220?
44
Calculate the highest common divisor of 450014 and 446.
446
Calculate the greatest common factor of 5044 and 468.
52
What is the highest common factor of 48296 and 8?
8
What is the highest common divisor of 230 and 2576?
46
Calculate the highest common divisor of 888 and 1173048.
888
Calculate the greatest common factor of 121159 and 34.
17
Calculate the highest common divisor of 171802 and 652.
326
What is the highest common factor of 19716 and 2862?
318
What is the highest common factor of 1701131 and 41?
41
Calculate the greatest common divisor of 11303 and 1513.
89
Calculate the greatest common divisor of 26 and 50921.
13
Calculate the highest common divisor of 645 and 20898.
129
Calculate the highest common divisor of 67952 and 992.
496
What is the greatest common factor of 95 and 841?
1
Calculate the highest common divisor of 7808 and 77440.
128
Calculate the greatest common divisor of 3348 and 3672.
108
What is the highest common factor of 22605 and 5790?
15
What is the greatest common factor of 19 and 2630265?
19
Calculate the highest common divisor of 6000 and 9072.
48
Calculate the greatest common divisor of 67221 and 8316.
693
What is the greatest common divisor of 4748 and 52?
4
Calculate the highest common factor of 203212 and 1111.
101
Calculate the highest common divisor of 124660 and 4945.
115
What is the highest common divisor of 545 and 5?
5
What is the highest common divisor of 780 and 55185?
195
What is the greatest common divisor of 412 and 17510?
206
What is the highest common divisor of 6912 and 4764672?
2304
Calculate the greatest common divisor of 2491 and 29521.
53
Calculate the greatest common divisor of 257 and 167307.
257
What is the highest common factor of 533562 and 102?
102
Calculate the highest common divisor of 1236671 and 211.
211
What is the greatest common divisor of 11948 and 142964?
412
What is the greatest common divisor of 544 and 3328?
32
What is the highest common divisor of 455760 and 128?
16
What is the highest common factor of 12 and 42456?
12
What is the greatest common divisor of 500 and 2560?
20
Calculate the highest common factor of 1692 and 20868.
564
What is the greatest common divisor of 6422205 and 15?
15
Calculate the greatest common factor of 134 and 1541.
67
Calculate the greatest common factor of 1335479 and 58.
29
What is the highest common divisor of 3038 and 11858?
98
What is the greatest common divisor of 42 and 5889394?
14
What is the highest common divisor of 102304 and 2144?
32
Calculate the highest common factor of 440 and 47432.
88
What is the highest common factor of 13452 and 912?
228
What is the greatest common divisor of 16320 and 34?
34
Calculate the highest common divisor of 97652 and 24.
4
Calculate the highest common factor of 291941 and 1768.
221
Calculate the greatest common divisor of 43935 and 195.
15
What is the highest common divisor of 918 and 30600?
306
Calculate the highest common factor of 72 and 299688.
24
What is the greatest common divisor of 4112432 and 464?
464
What is the greatest common divisor of 51750 and 12765?
345
What is the greatest common factor of 47477 and 1773?
197
What is the greatest common factor of 4294 and 36?
2
What is the highest common factor of 4633 and 8475?
113
Calculate the highest common divisor of 209162 and 4.
2
What is the highest common divisor of 8378 and 175348?
118
Calculate the highest common divisor of 1816 and 9307.
227
Calculate the greatest common factor of 1272 and 44202.
318
What is the highest common factor of 1259460 and 720?
180
Calculate the greatest common divisor of 11 and 299651.
11
Calculate the greatest common divisor of 94490 and 3960.
110
Calculate the greatest common factor of 13147388 and 164.
164
What is the highest common factor of 644321 and 53?
53
What is the highest common divisor of 12638 and 83638?
142
What is the highest common divisor of 13359 and 15?
3
What is the highest common divisor of 239021 and 15968?
499
What is the highest common divisor of 3124 and 997976?
284
What is the highest common factor of 882 and 154098?
126
Calculate the highest common divisor of 2765 and 656964.
553
Calculate the greatest common divisor of 102370 and 7830.
290
Calculate the greatest common divisor of 816 and 14178.
102
What is the highest common divisor of 13 and 93977?
13
What is the greatest common factor of 40913 and 163?
163
Calculate the greatest common factor of 53160 and 3030.
30
Calculate the highest common divisor of 2350 and 2905775.
1175
What is the highest common divisor of 1776 and 65157?
111
What is the greatest common divisor of 3162456 and 216?
216
What is the greatest common factor of 419310 and 90?
90
What is the greatest common divisor of 256 and 14192?
16
Calculate the highest common factor of 56 and 153734.
14
Calculate the highest common factor of 36 and 11040.
12
What is the greatest common divisor of 6 and 1543080?
6
Calculate the greatest common factor of 198 and 1854.
18
Calculate the greatest common divisor of 464 and 32.
16
What is the greatest common factor of 121635 and 81?
27
Calculate the highest common factor of 6 and 825555.
3
What is the greatest common factor of 1803 and 7323?
3
What is the greatest common divisor of 3472 and 1904?
112
What is the highest common divisor of 810 and 110280?
30
Calculate the greatest common divisor of 506 and 4378.
22
What is the highest common factor of 505294 and 8656?
1082
What is the highest common divisor of 684 and 2520?
36
Calculate the highest common factor of 3 and 369777.
3
Calculate the greatest common divisor of 1126944 and 1386.
126
What is the greatest common factor of 214